{"id":1077,"date":"2018-04-02T20:38:40","date_gmt":"2018-04-02T18:38:40","guid":{"rendered":"http:\/\/www.sp3ciechanow.pl\/bip\/?page_id=1077"},"modified":"2018-05-22T11:54:49","modified_gmt":"2018-05-22T09:54:49","slug":"organizacja","status":"publish","type":"page","link":"https:\/\/www.sp3ciechanow.eu\/bip\/?page_id=1077","title":{"rendered":"organizacja"},"content":{"rendered":"<p>[vc_row][vc_column][vc_column_text]<strong>Uchwa\u0142y:<\/strong><\/p>\n<ul>\n<li><a href=\"http:\/\/www.sp3ciechanow.pl\/bip\/wp-content\/uploads\/2018\/04\/Uchwala_286_XXVII_2005.pdf\" target=\"_blank\" rel=\"noopener\">Uchwa\u0142a Nr 286\/XXVII\/2005 Rady Miasta Ciechan\u00f3w z dnia 24 lutego 2005r. w sprawie utworzenia Miejskiego Zespo\u0142u Szk\u00f3\u0142 Nr 1 w Ciechanowie i nadania mu statutu.<\/a><\/li>\n<li><a href=\"http:\/\/www.sp3ciechanow.pl\/bip\/wp-content\/uploads\/2018\/05\/SP3-uchwa\u0142a.pdf\">SP3 uchwa\u0142a<\/a><\/li>\n<\/ul>\n<p>[\/vc_column_text][\/vc_column][\/vc_row]<\/p>\n","protected":false},"excerpt":{"rendered":"<p>[vc_row][vc_column][vc_column_text]Uchwa\u0142y: Uchwa\u0142a Nr 286\/XXVII\/2005 Rady Miasta Ciechan\u00f3w z dnia 24 lutego 2005r. w sprawie utworzenia Miejskiego Zespo\u0142u Szk\u00f3\u0142 Nr 1 w Ciechanowie i nadania mu statutu. SP3 uchwa\u0142a [\/vc_column_text][\/vc_column][\/vc_row]<\/p>\n","protected":false},"author":1,"featured_media":0,"parent":0,"menu_order":0,"comment_status":"closed","ping_status":"closed","template":"","meta":[],"_links":{"self":[{"href":"https:\/\/www.sp3ciechanow.eu\/bip\/index.php?rest_route=\/wp\/v2\/pages\/1077"}],"collection":[{"href":"https:\/\/www.sp3ciechanow.eu\/bip\/index.php?rest_route=\/wp\/v2\/pages"}],"about":[{"href":"https:\/\/www.sp3ciechanow.eu\/bip\/index.php?rest_route=\/wp\/v2\/types\/page"}],"author":[{"embeddable":true,"href":"https:\/\/www.sp3ciechanow.eu\/bip\/index.php?rest_route=\/wp\/v2\/users\/1"}],"replies":[{"embeddable":true,"href":"https:\/\/www.sp3ciechanow.eu\/bip\/index.php?rest_route=%2Fwp%2Fv2%2Fcomments&post=1077"}],"version-history":[{"count":4,"href":"https:\/\/www.sp3ciechanow.eu\/bip\/index.php?rest_route=\/wp\/v2\/pages\/1077\/revisions"}],"predecessor-version":[{"id":1152,"href":"https:\/\/www.sp3ciechanow.eu\/bip\/index.php?rest_route=\/wp\/v2\/pages\/1077\/revisions\/1152"}],"wp:attachment":[{"href":"https:\/\/www.sp3ciechanow.eu\/bip\/index.php?rest_route=%2Fwp%2Fv2%2Fmedia&parent=1077"}],"curies":[{"name":"wp","href":"https:\/\/api.w.org\/{rel}","templated":true}]}}