{"id":14,"date":"2017-10-29T22:14:02","date_gmt":"2017-10-29T21:14:02","guid":{"rendered":"http:\/\/serwer1715113.home.pl\/sp3ciechanow\/?page_id=14"},"modified":"2019-02-08T08:24:42","modified_gmt":"2019-02-08T07:24:42","slug":"home","status":"publish","type":"page","link":"https:\/\/www.sp3ciechanow.eu\/bip\/","title":{"rendered":"Strona g\u0142\u00f3wna"},"content":{"rendered":"<p>[vc_row][vc_column][vc_column_text]<\/p>\n<p style=\"text-align: center;\"><strong><em>\u201eInformujemy, \u017ce\u00a0 Twoje dane osobowe b\u0119d\u0105 przetwarzane przez:\u00a0<\/em><\/strong><strong><em>Szko\u0142\u0119 Podstawow\u0105 nr 3 im. Or\u0142a Bia\u0142ego\u00a0 \u00a0 \u00a0 \u00a0\u00a0<\/em><\/strong><strong><em>w Ciechanowie\u00a0<\/em><\/strong><strong><em>adres: ul. Powsta\u0144c\u00f3w Wielkopolskich 1, 06-413 Ciechan\u00f3w\u00a0<\/em><\/strong><strong><em>jako Administratora danych, w celu zrealizowania sprawy, kt\u00f3r\u0105 wnosisz.<\/em><\/strong><\/p>\n<p style=\"text-align: center;\"><strong><em>\u00a0<\/em><\/strong><strong><em>W celu skontaktowania si\u0119 z Inspektorem Danych Osobowych napisz pod adres\u00a0 e-mail: rodo.aneta@gmail.com<\/em><\/strong><\/p>\n<p style=\"text-align: center;\"><strong><em>\u00a0<\/em><\/strong><strong><em>Twoje dane b\u0119dziemy przechowywa\u0107 do czasu za\u0142atwienia Twojej sprawy\u00a0<\/em><\/strong><strong><em>i wyga\u015bni\u0119cia roszcze\u0144 z ni\u0105 zwi\u0105zanych. Przys\u0142uguje Ci prawo dost\u0119pu\u00a0<\/em><\/strong><strong><em>do swoich danych oraz otrzymania ich kopii, poprawienia, usuni\u0119cia, ograniczenia przetwarzania, przenoszenia, wniesienia sprzeciwu wobec przetwarzania danych, wniesienia skargi do organu nadzorczego oraz\u00a0<\/em><\/strong><strong><em>do cofni\u0119cia zgody na przetwarzanie danych osobowych w ka\u017cdym czasie. Podanie danych jest dobrowolne, jednak niezb\u0119dne\u00a0<\/em><\/strong><strong><em>do za\u0142atwienia Twojej sprawy.\u201d<\/em><\/strong><\/p>\n<p>Witamy w Szkole Podstawowej nr 3 im. Or\u0142a Bia\u0142ego w Ciechanowie!<\/p>\n<p>Szko\u0142a Podstawowa nr 3 istnieje od 13 lutego 1989 roku i ma swoj\u0105 siedzib\u0119 w nowoczesnym i przestronnym budynku przy ulicy Powsta\u0144c\u00f3w Wielkopolskich 1 w Ciechanowie. Najwa\u017cniejszym dniem w \u017cyciu szko\u0142y by\u0142a uroczysto\u015b\u0107 nadania jej imienia Or\u0142a Bia\u0142ego &#8211; 9 lutego 1999r. W szkole funkcjonuj\u0105 te\u017c klasy gimnazjalne i dla Gimnazjum nr 2 nadanie imienia Zjednoczonej Europy mia\u0142o miejsce 5 czerwca 2005 roku.<\/p>\n<p>Du\u017ca liczba odpowiednio wyposa\u017conych pracowni przedmiotowych, w tym j\u0119zykowych oraz komputerowych, umo\u017cliwia m\u0142odzie\u017cy prac\u0119 na wysokim poziomie. Szko\u0142a dysponuje 2 bibliotekami oferuj\u0105cymi bogaty ksi\u0119gozbi\u00f3r: lektur, encyklopedii, leksykon\u00f3w oraz materia\u0142\u00f3w video i multimedialnych dost\u0119pnych dla uczni\u00f3w i nauczycieli. Pracownie komputerowe wyposa\u017cone s\u0105 w wysokiej jako\u015bci sprz\u0119t z dost\u0119pem do Internetu. Pracuj\u0105c w ma\u0142ych grupach, uczniowie \u0107wicz\u0105 obs\u0142ug\u0119 komputera, rozwijaj\u0105c swoje zdolno\u015bci i zainteresowania. Wysoki poziom nauczania i wychowania w naszej szkole zapewnia wykwalifikowana kadra nauczycielska. Dowodem s\u0105 osi\u0105gni\u0119cia uczni\u00f3w w konkursach og\u00f3lnopolskich takich jak: Alfik, Omnibus, Deutschfreund, Sprachdoctor, English High Flier, English Ace, mi\u0119dzynarodowy konkurs matematyczny Kangur oraz wiele innych.<\/p>\n<p>Nauka j\u0119zyk\u00f3w obcych odbywa si\u0119 ju\u017c od najm\u0142odszych lat, w klasach I-III szko\u0142y podstawowej wprowadzane s\u0105 j\u0119zyki: angielski, niemiecki i rosyjski. W szkole funkcjonuje \u015bwietlica szkolna, gdzie najm\u0142odsze dzieci pod opiek\u0105 nauczycieli odrabiaj\u0105 prace domowe, bawi\u0105 si\u0119 oraz przygotowuj\u0105 do zaj\u0119\u0107. Podczas przerwy obiadowej uczniowie mog\u0105 zje\u015b\u0107 gor\u0105cy posi\u0142ek.<\/p>\n<p>M\u0142odzie\u017c aktywnie uczestniczy w \u017cyciu szko\u0142y ucz\u0119szczaj\u0105c na zaj\u0119cia dodatkowe organizowane przez nauczycieli. Podczas spotka\u0144 pozalekcyjnych uczniowie poszerzaj\u0105 swoj\u0105 wiedz\u0119 dotycz\u0105c\u0105 ekologii, informatyki, sztuki, dziennikarstwa. Nastolatki zach\u0119cane s\u0105 do konsultowania z nauczycielami swoich problem\u00f3w, jak r\u00f3wnie\u017c plan\u00f3w na przysz\u0142o\u015b\u0107.<\/p>\n<p>Szkolne Kluby Europejczyka: \u201eOrze\u0142\u201d w szkole podstawowej i \u201eEurodw\u00f3jka\u201dw gimnazjum, powadz\u0105 aktywn\u0105 dzia\u0142alno\u015b\u0107 na terenie szko\u0142y ju\u017c od wrze\u015bnia 2002 roku. Kluby te propaguj\u0105 w\u015br\u00f3d uczni\u00f3w wiedz\u0119 na temat Unii Europejskiej, wsp\u00f3\u0142dzia\u0142aj\u0105c z Europejskim Centrum Informacyjnym w Warszawie. Wszystkie osi\u0105gni\u0119cia naszych klub\u00f3w Europejczyka publikowane s\u0105 regularnie na \u0142amach szkolnych gazetek, w \u201eMa\u0142ych or\u0142ach\u201d \u2013 periodyku ukazuj\u0105cym si\u0119 w Szkole Podstawowej nr 3 oraz dwumiesi\u0119czniku Gimnazjum nr2 &#8211; i ,,Dw\u00f3ja\u201d.<\/p>\n<p>W Gimnazjum nr 2 dzia\u0142a \u2013 z wielkim powodzeniem SZOK \u2013 Szkolny O\u015brodek Kariery. Jest to miejsce, gdzie uczniowie ostatniej klasy gimnazjum, r\u00f3wnie\u017c wszyscy zainteresowani cz\u0142onkowie spo\u0142eczno\u015bci lokalnej mog\u0105 dowiedzie\u0107 o swoich predyspozycjach zawodowych, podyskutowa\u0107 z prowadz\u0105cymi o planowaniu w\u0142asnej kariery, wyborze szko\u0142y ponadgimnazjalnej, itd.<\/p>\n<p>W 1994 roku Szkolny Klub Sportowy \u201eTr\u00f3jka\u201d, oraz po po\u0142\u0105czeniu szk\u00f3\u0142 \u2013 w 2005r. \u2013 SKS &#8222;Dw\u00f3jka\u201d rozpocz\u0119\u0142y swoj\u0105 dzia\u0142alno\u015b\u0107 pod opiek\u0105 nauczycieli wychowania fizycznego. Cz\u0142onkowie tych klub\u00f3w reprezentuj\u0105 MZS 1 w licznych rozgrywkach na terenie naszego kraju jak i poza nim, zajmuj\u0105c wysokie lokaty. Osi\u0105gni\u0119cia sportowc\u00f3w sta\u0142y si\u0119 doskona\u0142\u0105 promocj\u0105 szko\u0142y, reklamuj\u0105c dost\u0119pne w niej obiekty sportowe jako doskona\u0142e miejsce r\u00f3\u017cnorodnych wydarze\u0144 sportowych.<\/p>\n<p>Wi\u0119cej informacji na temat dokona\u0144 uczni\u00f3w Szko\u0142y Podstawowej nr 3, mo\u017cliwo\u015bci kszta\u0142cenia, rozwijania talent\u00f3w oraz pracy nauczycieli naszej szko\u0142y, mo\u017cna znale\u017a\u0107 na stronie internetowej.[\/vc_column_text][\/vc_column][\/vc_row]<\/p>\n","protected":false},"excerpt":{"rendered":"<p>[vc_row][vc_column][vc_column_text] \u201eInformujemy, \u017ce\u00a0 Twoje dane osobowe b\u0119d\u0105 przetwarzane przez:\u00a0Szko\u0142\u0119 Podstawow\u0105 nr 3 im. Or\u0142a Bia\u0142ego\u00a0 \u00a0 \u00a0 \u00a0\u00a0w Ciechanowie\u00a0adres: ul. Powsta\u0144c\u00f3w Wielkopolskich 1, 06-413 Ciechan\u00f3w\u00a0jako Administratora danych, w celu zrealizowania sprawy, kt\u00f3r\u0105 wnosisz. \u00a0W celu skontaktowania si\u0119 z Inspektorem Danych Osobowych napisz pod adres\u00a0 e-mail: rodo.aneta@gmail.com \u00a0Twoje dane b\u0119dziemy przechowywa\u0107 do czasu za\u0142atwienia Twojej sprawy\u00a0i [&hellip;]<\/p>\n","protected":false},"author":1,"featured_media":0,"parent":0,"menu_order":0,"comment_status":"closed","ping_status":"closed","template":"","meta":[],"_links":{"self":[{"href":"https:\/\/www.sp3ciechanow.eu\/bip\/index.php?rest_route=\/wp\/v2\/pages\/14"}],"collection":[{"href":"https:\/\/www.sp3ciechanow.eu\/bip\/index.php?rest_route=\/wp\/v2\/pages"}],"about":[{"href":"https:\/\/www.sp3ciechanow.eu\/bip\/index.php?rest_route=\/wp\/v2\/types\/page"}],"author":[{"embeddable":true,"href":"https:\/\/www.sp3ciechanow.eu\/bip\/index.php?rest_route=\/wp\/v2\/users\/1"}],"replies":[{"embeddable":true,"href":"https:\/\/www.sp3ciechanow.eu\/bip\/index.php?rest_route=%2Fwp%2Fv2%2Fcomments&post=14"}],"version-history":[{"count":110,"href":"https:\/\/www.sp3ciechanow.eu\/bip\/index.php?rest_route=\/wp\/v2\/pages\/14\/revisions"}],"predecessor-version":[{"id":1182,"href":"https:\/\/www.sp3ciechanow.eu\/bip\/index.php?rest_route=\/wp\/v2\/pages\/14\/revisions\/1182"}],"wp:attachment":[{"href":"https:\/\/www.sp3ciechanow.eu\/bip\/index.php?rest_route=%2Fwp%2Fv2%2Fmedia&parent=14"}],"curies":[{"name":"wp","href":"https:\/\/api.w.org\/{rel}","templated":true}]}}