{"id":26,"date":"2017-10-29T23:06:08","date_gmt":"2017-10-29T22:06:08","guid":{"rendered":"http:\/\/serwer1715113.home.pl\/sp3ciechanow\/?page_id=26"},"modified":"2019-10-28T13:36:01","modified_gmt":"2019-10-28T12:36:01","slug":"rada-pedagogiczna","status":"publish","type":"page","link":"https:\/\/www.sp3ciechanow.eu\/bip\/?page_id=26","title":{"rendered":"rada pedagogiczna"},"content":{"rendered":"<p>[vc_row][vc_column][vc_column_text]<span style=\"font-size: 12pt;\">Wodzy\u0144ska El\u017cbieta &#8211; dyrektor szko\u0142y<\/span><\/p>\n<p><span style=\"font-size: 12pt;\">Niest\u0119pski Andrzej &#8211; pe\u0142ni\u0105cy obowi\u0105zki dyrektora<\/span><\/p>\n<p><span style=\"font-size: 12pt;\">Markowska Beata \u2013 pe\u0142ni\u0105cy obowi\u0105zki wicedyrektora ds. nauczania wczesnoszkolnego<\/span><\/p>\n<p><span style=\"font-size: 12pt;\">Chlebowska Ma\u0142gorzata &#8211; pe\u0142ni\u0105cy obowi\u0105zki wicedyrektora ds. dydaktyczno-organizacyjnych<\/span><\/p>\n<p><span style=\"font-size: 12pt;\">Zalewska-Szw\u0119ch Bo\u017cena &#8211; pe\u0142ni\u0105cy obowi\u0105zki wicedyrektora ds. wychowawczych<\/span><\/p>\n<ul style=\"list-style-type: square;\">\n<li><span style=\"font-size: 12pt;\">Bia\u0142czak Ma\u0142gorzata<\/span><\/li>\n<li><span style=\"font-size: 12pt;\">B\u0142ajszczak Mariola<\/span><\/li>\n<li><span style=\"font-size: 12pt;\">Bralczyk Lidia<\/span><\/li>\n<li><span style=\"font-size: 12pt;\">Bulejak Aldona<\/span><\/li>\n<li><span style=\"font-size: 12pt;\">Butryn-Nowali\u0144ska Anna<\/span><\/li>\n<li><span style=\"font-size: 12pt;\">Bystrek Ewa<\/span><\/li>\n<li><span style=\"font-size: 12pt;\">Chodubska Ma\u0142gorzata<\/span><\/li>\n<li><span style=\"font-size: 12pt;\">Chlebowski Jacek<\/span><\/li>\n<li><span style=\"font-size: 12pt;\">Chodubska Ma\u0142gorzata<\/span><\/li>\n<li><span style=\"font-size: 12pt;\">Cichocka Marzena<\/span><\/li>\n<li><span style=\"font-size: 12pt;\">Ciu\u0142kowska Anna<\/span><\/li>\n<li><span style=\"font-size: 12pt;\">Czernik Ma\u0142gorzata<\/span><\/li>\n<li><span style=\"font-size: 12pt;\">Daniszewski Maciej<\/span><\/li>\n<li><span style=\"font-size: 12pt;\">Dobrowolska El\u017cbieta<\/span><\/li>\n<li><span style=\"font-size: 12pt;\">Dobrzyniecka Danuta<\/span><\/li>\n<li><span style=\"font-size: 12pt;\">Domaga\u0142a Magdalena<\/span><\/li>\n<li><span style=\"font-size: 12pt;\">Fal\u0119cka Marzena<\/span><\/li>\n<li><span style=\"font-size: 12pt;\">Fal\u0119ta Sylwia<\/span><\/li>\n<li><span style=\"font-size: 12pt;\">Felbur Beata <\/span><\/li>\n<li><span style=\"font-size: 12pt;\">Figurska Agnieszka<\/span><\/li>\n<li><span style=\"font-size: 12pt;\">Furman Maria<\/span><\/li>\n<li><span style=\"font-size: 12pt;\">Ga\u0142ecka Renata<\/span><\/li>\n<li><span style=\"font-size: 12pt;\">Golba Ma\u0142gorzata<\/span><\/li>\n<li><span style=\"font-size: 12pt;\">G\u00f3rska Aleksandra<\/span><\/li>\n<li><span style=\"font-size: 12pt;\">G\u00f3rska Ma\u0142gorzata<\/span><\/li>\n<li><span style=\"font-size: 12pt;\">Grzankowska Urszula<\/span><\/li>\n<li><span style=\"font-size: 12pt;\">Jab\u0142onowska Dorota<\/span><\/li>\n<li><span style=\"font-size: 12pt;\">Jakubowska Agnieszka<\/span><\/li>\n<li><span style=\"font-size: 12pt;\">Jakubowski Andrzej<\/span><\/li>\n<li><span style=\"font-size: 12pt;\">Janusz Katarzyna<\/span><\/li>\n<li><span style=\"font-size: 12pt;\">Janusz W\u0142odzimierz<\/span><\/li>\n<li><span style=\"font-size: 12pt;\">Jaskulska Ma\u0142gorzata<\/span><\/li>\n<li><span style=\"font-size: 12pt;\">Kaczerska Agnieszka<\/span><\/li>\n<li><span style=\"font-size: 12pt;\">Kami\u0144ska Marzena<\/span><\/li>\n<li><span style=\"font-size: 12pt;\">Kaniewska Iwona<\/span><\/li>\n<li><span style=\"font-size: 12pt;\">K\u0105cka Maria<\/span><\/li>\n<li><span style=\"font-size: 12pt;\">Konopka Ma\u0142gorzata<\/span><\/li>\n<li><span style=\"font-size: 12pt;\">Kuci\u0144ska Ma\u0142gorzata<\/span><\/li>\n<li><span style=\"font-size: 12pt;\">Kulikowska Joanna<\/span><\/li>\n<li><span style=\"font-size: 12pt;\">Lewicka Ewa<\/span><\/li>\n<li><span style=\"font-size: 12pt;\">Makulska Jolanta<\/span><\/li>\n<li><span style=\"font-size: 12pt;\">ks. Makowski Grzegorz<\/span><\/li>\n<li><span style=\"font-size: 12pt;\">Markowska Beata<\/span><\/li>\n<li><span style=\"font-size: 12pt;\">Matuszewska Ewa<\/span><\/li>\n<li><span style=\"font-size: 12pt;\">Mazanowska Maria<\/span><\/li>\n<li><span style=\"font-size: 12pt;\">ks. Mazurowski Dawid<\/span><\/li>\n<li><span style=\"font-size: 12pt;\">Michalska Wioletta<\/span><\/li>\n<li><span style=\"font-size: 12pt;\">Miko\u0142ajczak Ma\u0142gorzata<\/span><\/li>\n<li><span style=\"font-size: 12pt;\">Mosakowska Jolanta<\/span><\/li>\n<li><span style=\"font-size: 12pt;\">Muzi\u0144ski Zbigniew<\/span><\/li>\n<li><span style=\"font-size: 12pt;\">Nawrocka Jolanta<\/span><\/li>\n<li><span style=\"font-size: 12pt;\">Niest\u0119pski Andrzej<\/span><\/li>\n<li><span style=\"font-size: 12pt;\">Ot\u0142owska Dominika<\/span><\/li>\n<li><span style=\"font-size: 12pt;\">Piecychna \u2013 Grzegorzewska Monika<\/span><\/li>\n<li><span style=\"font-size: 12pt;\">Pilitowski Krzysztof<\/span><\/li>\n<li><span style=\"font-size: 12pt;\">Piotrowska Renata<\/span><\/li>\n<li><span style=\"font-size: 12pt;\">Piotrowski Bogdan<\/span><\/li>\n<li><span style=\"font-size: 12pt;\">Pniewska Lidia<\/span><\/li>\n<li><span style=\"font-size: 12pt;\">Pogorzelska Iwona<\/span><\/li>\n<li><span style=\"font-size: 12pt;\">Polens Krystyna<\/span><\/li>\n<li><span style=\"font-size: 12pt;\">R\u0119kawek Dorota<\/span><\/li>\n<li><span style=\"font-size: 12pt;\">Romanowska Maria<\/span><\/li>\n<li><span style=\"font-size: 12pt;\">R\u00f3\u017ca\u0144ska Antonina<\/span><\/li>\n<li><span style=\"font-size: 12pt;\">Sadowska Alina<\/span><\/li>\n<li><span style=\"font-size: 12pt;\">Sadowska Magdalena<\/span><\/li>\n<li><span style=\"font-size: 12pt;\">Sosnowska Gra\u017cyna<\/span><\/li>\n<li><span style=\"font-size: 12pt;\">\u015amigielska Jolanta<\/span><\/li>\n<li><span style=\"font-size: 12pt;\">Usi\u0105dek Mariusz<\/span><\/li>\n<li><span style=\"font-size: 12pt;\">We\u0142na Bo\u017cena<\/span><\/li>\n<li><span style=\"font-size: 12pt;\">Weso\u0142owska Justyna<\/span><\/li>\n<li><span style=\"font-size: 12pt;\">Wojta\u015b Miros\u0142awa<\/span><\/li>\n<li><span style=\"font-size: 12pt;\">Wtulich Katarzyna<\/span><\/li>\n<li><span style=\"font-size: 12pt;\">Zabielska Joanna<\/span><\/li>\n<li><span style=\"font-size: 12pt;\">Zalewska \u2013 Szw\u0119ch Bo\u017cena<\/span><\/li>\n<li><span style=\"font-size: 12pt;\">Zalewski Wojciech<\/span><\/li>\n<\/ul>\n<p>[\/vc_column_text][\/vc_column][\/vc_row]<\/p>\n","protected":false},"excerpt":{"rendered":"<p>[vc_row][vc_column][vc_column_text]Wodzy\u0144ska El\u017cbieta &#8211; dyrektor szko\u0142y Niest\u0119pski Andrzej &#8211; pe\u0142ni\u0105cy obowi\u0105zki dyrektora Markowska Beata \u2013 pe\u0142ni\u0105cy obowi\u0105zki wicedyrektora ds. nauczania wczesnoszkolnego Chlebowska Ma\u0142gorzata &#8211; pe\u0142ni\u0105cy obowi\u0105zki wicedyrektora ds. dydaktyczno-organizacyjnych Zalewska-Szw\u0119ch Bo\u017cena &#8211; pe\u0142ni\u0105cy obowi\u0105zki wicedyrektora ds. wychowawczych Bia\u0142czak Ma\u0142gorzata B\u0142ajszczak Mariola Bralczyk Lidia Bulejak Aldona Butryn-Nowali\u0144ska Anna Bystrek Ewa Chodubska Ma\u0142gorzata Chlebowski Jacek Chodubska Ma\u0142gorzata Cichocka [&hellip;]<\/p>\n","protected":false},"author":1,"featured_media":0,"parent":0,"menu_order":0,"comment_status":"closed","ping_status":"closed","template":"","meta":[],"_links":{"self":[{"href":"https:\/\/www.sp3ciechanow.eu\/bip\/index.php?rest_route=\/wp\/v2\/pages\/26"}],"collection":[{"href":"https:\/\/www.sp3ciechanow.eu\/bip\/index.php?rest_route=\/wp\/v2\/pages"}],"about":[{"href":"https:\/\/www.sp3ciechanow.eu\/bip\/index.php?rest_route=\/wp\/v2\/types\/page"}],"author":[{"embeddable":true,"href":"https:\/\/www.sp3ciechanow.eu\/bip\/index.php?rest_route=\/wp\/v2\/users\/1"}],"replies":[{"embeddable":true,"href":"https:\/\/www.sp3ciechanow.eu\/bip\/index.php?rest_route=%2Fwp%2Fv2%2Fcomments&post=26"}],"version-history":[{"count":5,"href":"https:\/\/www.sp3ciechanow.eu\/bip\/index.php?rest_route=\/wp\/v2\/pages\/26\/revisions"}],"predecessor-version":[{"id":1208,"href":"https:\/\/www.sp3ciechanow.eu\/bip\/index.php?rest_route=\/wp\/v2\/pages\/26\/revisions\/1208"}],"wp:attachment":[{"href":"https:\/\/www.sp3ciechanow.eu\/bip\/index.php?rest_route=%2Fwp%2Fv2%2Fmedia&parent=26"}],"curies":[{"name":"wp","href":"https:\/\/api.w.org\/{rel}","templated":true}]}}